) = 7*o - o**2 + 10 + 1 - 23 - 1. Let w be y(8). What is the units digit of w/(-15) + -1 - 1115/(-25)?
5
Suppose -3 = -3*t, f - t = 5*f - 9. Let n be 64/8*(-21)/12*f. What is the units digit of ((-1320)/(-14) - 1) + 8/n?
3
Let j = 55 + -53. Let k be j/(-2 - -1) - 2. Let z = 33 + k. What is the tens digit of z?
2
Let q(l) = 15*l**3 - 6*l**2 + 6*l + 8. Let w be q(-4). Let t = -530 - w. What is the tens digit of t?
4
Let x(r) be the second derivative of r**4/12 + 4*r**3/3 + 4*r. Let l be -12 + (2/(-4)*0)/1. What is the units digit of x(l)?
8
Let c = 2001 - 1157. Let q = -497 + c. What is the hundreds digit of q?
3
What is the tens digit of 1492/1119 + (-17)/(-3)*811?
9
Let r(i) = -i**3 - 15*i**2 - 6*i - 21. Let u be r(-15). Let g = -55 + u. Suppose t - 178 = g. What is the tens digit of t?
9
What is the tens digit of ((-2)/28)/(10/(-1873340))?
8
Let y(z) = 2*z**3 - 8*z**2 - 12*z + 8. Let o be y(8). What is the tens digit of (12/3 - o/32)*-68?
2
Suppose -c = 2*t + 636, -117 = -5*t + 2*c - 1707. Let f = -297 - t. What is the tens digit of f?
2
Suppose -425706 = 12*i - 64*i + 32622. What is the units digit of i?
4
Suppose 2*j + 4*v - 236 = 0, 4*j - 481 = -0*v - 5*v. Suppose -2*d - j = -6*d. Let q = d + 33. What is the units digit of q?
4
Let x(u) = u**3 + 19*u**2 - 19*u + 20. Let j be x(-20). Suppose -f + 1053 = -j*f. What is the tens digit of (3 + -2)/(f/525 + -2)?
7
What is the tens digit of 1468 - ((-54)/(-21))/(9/21)?
6
Suppose -4*o + 20 = 0, 2*h - 48325 = 4*o - 7261. What is the hundreds digit of h?
5
Suppose 5*s + 5*i = -200, -4*s + 5*i - 135 - 25 = 0. Let l = -3654 - -3697. Let h = l + s. What is the units digit of h?
3
Suppose 4*q - 8 = 2*q + 2*r, 0 = 5*q + 5*r. Let l(v) = 7*v**3 + v**2 + 2*v**2 - 2*v + 2*v**2. What is the units digit of l(q)?
2
What is the units digit of (-91)/(-13) - 3 - -6828?
2
Suppose 48*r - 50*r = -36*r + 224570. What is the thousands digit of r?
6
Suppose -53*h + 7*h = 50*h - 660192. What is the units digit of h?
7
Let k = -1425 + 16147. What is the units digit of k?
2
Suppose -d + 4*u = -2606, 3791 + 6693 = 4*d - u. What is the hundreds digit of d?
6
Let t = 208 + 1050. Suppose -t - 1217 = -25*g. What is the tens digit of g?
9
Let j = -45 + 47. What is the tens digit of (j/2 + -236)*(-65)/65?
3
Let v = 7 + -7. Suppose -p + 4*i + 101 = v, 2*i + 42 = p - 61. Suppose 2*h - 64 = -4*f, -h - 2*h - 3*f = -p. What is the tens digit of h?
3
Let f be 3*(-4)/6 + 6. Suppose -384*a = -393*a + 333. Suppose n + 31 = 4*v - 32, f*n = -v + a. What is the units digit of v?
7
Let s(c) = c**3 - 4*c**2 + 4*c - 1. Let b be s(2). What is the tens digit of ((-8)/b)/2 + 252?
5
Suppose 823224 + 114961 = 49*l + 271148. What is the units digit of l?
3
Let i(t) = -t**2 - 11*t - 20. Let p be i(-7). Suppose -w = -4*s + p*s - 12, -3*w = 2*s + 4. Suppose s*y - 15 + 7 = 0. What is the units digit of y?
2
Let z(s) = -113*s + 41. What is the thousands digit of z(-48)?
5
Let g = 105 - 92. Let q(f) = f**2 - 6*f + 13. What is the tens digit of q(g)?
0
Let j = 13905 - 8034. Suppose -20727 + j = -24*b. What is the hundreds digit of b?
6
Suppose 3*n + 4*c - 3*c = 64, -2*n + 4*c + 38 = 0. Let d be (32/(-28))/((-6)/n). Suppose d*q = 6*q - 54. What is the units digit of q?
7
Let y(r) = r**3 + 32*r**2 - 112*r + 10. What is the tens digit of y(-14)?
0
Suppose -8 = -4*x, -2*r - 5*x - 205 - 11 = 0. Let s = 208 + r. What is the tens digit of s?
9
Let r = 40900 - 27101. What is the tens digit of r?
9
Let l be -2 + 0 + 1 + 7/(-7). What is the units digit of 1*l/1 - (-373 + -6)?
7
Let x = -3051 - -13224. What is the thousands digit of x?
0
Let o be (0 + (-4044)/18)*(-9)/6. Suppose l - 6*l = -2*c + 151, 0 = 5*c + l - o. What is the units digit of c?
8
Let v(b) = 17*b**3 - 2*b**2 - 4*b + 7. Let p be v(2). Suppose -8*u + 49 = -p. What is the tens digit of u?
2
Let i be ((-12)/45*3)/(6/345). Let y = 120 - i. What is the units digit of y?
6
What is the thousands digit of (232335/6)/15*(-32)/(-12)?
6
Let g(r) = -21*r**2 - 9*r - 6. Suppose 2*l + 4 + 2 = 0. Let n be g(l). Let m = n + 331. What is the tens digit of m?
6
Suppose 16266 = o - 3*m - 14362, -4*m = 2*o - 61346. What is the ten thousands digit of o?
3
Let l(b) = -46*b - 16. Let h be (2070/(-35))/3 - (-6)/(-21). What is the hundreds digit of l(h)?
9
Let c(t) = t**3 + 39*t**2 + 24*t - 109. What is the hundreds digit of c(-38)?
4
Let q = 54067 - 33503. What is the thousands digit of q?
0
What is the tens digit of 300/(-240) + (3/((-36)/(-114351)) - 0)?
2
Let v be (10/(20/(-6)))/1 + 27. Suppose -p - v = -48. What is the tens digit of p?
2
What is the hundreds digit of -1*11*54/(-36)*(-13768)/(-12)?
9
Let k(i) = 0*i - 2*i**2 + 0*i - i**3 + 3*i**3 + i - 15. What is the hundreds digit of k(6)?
3
Let u(c) = c**2 + 11*c + 24. Let j be u(-8). Suppose j = -l - 0 + 3. Suppose l*t - 147 - 534 = 0. What is the units digit of t?
7
Let i(s) be the first derivative of 161*s**2 + 8*s - 15. What is the units digit of i(1)?
0
Let l(a) = -a - 5. Let n be l(-9). Suppose -5*d + 3*h = -217 - 1183, n*d = 5*h + 1120. What is the hundreds digit of d?
2
Let r(n) be the first derivative of 4*n**3/3 + 15*n**2/2 + 13*n - 58. Let g be 0 - (6/2 - -7). What is the hundreds digit of r(g)?
2
Suppose 89*x + 1404 = 833412 + 23905. What is the thousands digit of x?
9
Suppose 80*a = 87*a - 11620. Suppose -5*x - a = -8*x + z, 0 = x - 2*z - 545. What is the units digit of x?
5
Suppose 15*f = 5*p + 16*f - 53990, 2*p - 5*f = 21596. What is the tens digit of p?
9
What is the hundreds digit of (716 + -3)/(-8*1/(-104))?
2
What is the thousands digit of (-7)/(-126) - 78809408/(-1152)?
8
Let z be 46/10 - (-14)/35. Suppose -z*d + 0 = -140. What is the tens digit of d?
2
Suppose 18*j - 14 = 11*j. What is the units digit of 3*j/9*(87 - -1482)?
6
What is the ten thousands digit of 24018/(108/(-126) + (-20)/(-7))?
1
Suppose p - 176 = -2*o, 0*o = -2*o + 2*p + 164. Let r = 13 + -28. Let q = o - r. What is the tens digit of q?
0
Suppose 201*r - 193*r = 48. Let t(l) = -2*l**2 + 4. Let b(x) = -9*x**2 + x + 19. Let y(o) = 2*b(o) - 11*t(o). What is the units digit of y(r)?
0
Suppose -j = -16709 - 1765. What is the thousands digit of j?
8
Let m(j) = 12545*j - 1443. What is the tens digit of m(2)?
4
Suppose 13*s + 34*s = 28*s + 154261. What is the tens digit of s?
1
Let c = 379 - -46. Let j = c + 372. Suppose 115 = -11*b + j. What is the tens digit of b?
6
Let m = 832 + -147. Suppose -a - m = -n + 3*a, 3*n - a - 2044 = 0. What is the tens digit of n?
8
Suppose 0 = -21*t + 6*t - 165. Let u(n) = -2*n**3 - 21*n**2 - 9*n + 77. What is the units digit of u(t)?
7
Let v = -56 - -58. Suppose v*i - 10 = i. Let h(q) = q**3 - 10*q**2 + 2*q - 10. What is the units digit of h(i)?
0
Let z(d) be the first derivative of -d**5/24 + 41*d**4/12 + 22*d**3/3 - 18. Let j(i) be the third derivative of z(i). What is the tens digit of j(0)?
8
Suppose 156962 = 3*k + 104630. What is the hundreds digit of k?
4
Let d(m) = 16*m + 71. Let n be d(-3). Suppose -12*c + n*c - 17457 = 0. What is the thousands digit of c?
1
Suppose -2*v = 3*s + 7, -3*v - 2*s - 22 = -6*v. Suppose -13*x + v*x + 3852 = 0. What is the hundreds digit of x?
4
Let q(x) = 201*x + 11. Suppose -5*d + 5*p = -45, 0 = -4*d + 56*p - 60*p - 4. What is the units digit of q(d)?
5
Let f be 77 + ((-62)/14 - 12/(-28)). Let s(x) = -6*x + 4. Let z be s(-5). Let g = f - z. What is the units digit of g?
9
What is the hundreds digit of (6832/(-732))/(4/(-6738))?
7
Suppose 4*f + 4*h - 65 = 475, 3*f - 398 = 4*h. Let p = -1 - 73. Let q = f + p. What is the tens digit of q?
6
Let u(i) = 123*i**3 - 32*i**2 + 3*i - 5. What is the tens digit of u(4)?
6
Suppose -102*w = -110*w + 40. Suppose -5*o - 8 = -s - 103, w*s = 0. What is the tens digit of o?
1
Suppose 1290205 = 58*x - 215645 - 718740. What is the tens digit of x?
5
Suppose 4*u = u - 3*a + 3249, -5*a = 20. What is the tens digit of u?
8
What is the thousands digit of (-2486)/((-46)/40 + 27*18/648)?
6
Suppose 217377 = 131*m - 377600 + 99273. What is the hundreds digit of m?
7
Let u = -4835 + 7763. What is the tens digit of u?
2
Let g(r) = 126*r + 10684. What is the hundreds digit of g(64)?
7
Suppose -2*y - 34 = -4*x - 0, 5*y + 22 = 3*x. Suppose x*r = 7*r + 76. Suppose 0 = -35*n + r*n - 309. What is the hun